{"id":435,"date":"2020-12-11T15:42:49","date_gmt":"2020-12-11T14:42:49","guid":{"rendered":"http:\/\/aestunevache.com\/?page_id=435"},"modified":"2020-12-11T15:56:20","modified_gmt":"2020-12-11T14:56:20","slug":"histoires-de-vaches-en-video","status":"publish","type":"page","link":"https:\/\/aestunevache.com\/?page_id=435","title":{"rendered":"Histoires (de) vaches en vid\u00e9o"},"content":{"rendered":"<span class=\"rt-reading-time\" style=\"display: block;\"><span class=\"rt-label rt-prefix\">Temps de lecture\u00a0: <\/span> <span class=\"rt-time\">&lt;\u00a01<\/span> <span class=\"rt-label rt-postfix\">minute<\/span><\/span>\n<p> <br>L&rsquo;id\u00e9e de raconter des Histoires de vaches en vid\u00e9o est venue suite \u00e0 ma participation au spectacle \u00ab\u00a0Le Grand bazar des savoirs\u00a0\u00bb, qui s&rsquo;est tenu les 5 et 6 septembre 2020, au Maif social club, \u00e0 Paris.  Le retour sur l&rsquo;\u00e9v\u00e8nement est<a href=\"https:\/\/www.youtube.com\/watch?v=oQNP90yWocg&amp;ab_channel=MAIF\"> ici.<\/a> <br>Cr\u00e9\u00e9 et mis en sc\u00e8ne par Didier Ruiz, ce spectacle invite \u00e0 la d\u00e9couverte du patrimoine culturel humain : nous sommes tous d\u00e9positaires d&rsquo;un savoir particulier (sur les virus, sur les vitraux contemporains, sur les s\u00e9quoias g\u00e9ants, sur le tricot, et moi, \u00e9videmment, c&rsquo;\u00e9tait les vaches..).  Les \u00ab\u00a0spectateurs\u00a0\u00bb du Grand bazar des savoirs faisaient leur march\u00e9 de savoirs, sous forme de miniconf\u00e9rences de 5 minutes en t\u00eate \u00e0 t\u00eate\u2026 Pour une fois que je pouvais parler des vaches pendant des heures, je ne m&rsquo;en suis pas priv\u00e9e. <\/p>\n\n\n\n<figure class=\"wp-block-embed-youtube wp-block-embed is-type-video is-provider-youtube wp-embed-aspect-16-9 wp-has-aspect-ratio\"><div class=\"wp-block-embed__wrapper\">\n<iframe loading=\"lazy\" width=\"768\" height=\"432\" src=\"https:\/\/www.youtube.com\/embed\/ENC4-KgROUM?feature=oembed\" frameborder=\"0\" allow=\"accelerometer; autoplay; clipboard-write; encrypted-media; gyroscope; picture-in-picture\" allowfullscreen><\/iframe>\n<\/div><figcaption>Episode 1 : A est une vache et histoire d&rsquo;Io<\/figcaption><\/figure>\n\n\n\n<figure class=\"wp-block-embed-youtube wp-block-embed is-type-video is-provider-youtube wp-embed-aspect-4-3 wp-has-aspect-ratio\"><div class=\"wp-block-embed__wrapper\">\n<iframe loading=\"lazy\" width=\"768\" height=\"576\" src=\"https:\/\/www.youtube.com\/embed\/TOq6tzkEwtQ?feature=oembed\" frameborder=\"0\" allow=\"accelerometer; autoplay; clipboard-write; encrypted-media; gyroscope; picture-in-picture\" allowfullscreen><\/iframe>\n<\/div><figcaption>Episode 2 : Histoire d&rsquo;Europe<br><br><\/figcaption><\/figure>\n","protected":false},"excerpt":{"rendered":"<p><span class=\"rt-reading-time\" style=\"display: block;\"><span class=\"rt-label rt-prefix\">Temps de lecture\u00a0: <\/span> <span class=\"rt-time\">&lt;\u00a01<\/span> <span class=\"rt-label rt-postfix\">minute<\/span><\/span> L&rsquo;id\u00e9e de raconter des Histoires de vaches en vid\u00e9o est venue suite \u00e0 ma participation au spectacle \u00ab\u00a0Le Grand bazar des savoirs\u00a0\u00bb, qui s&rsquo;est tenu les 5 et 6 septembre 2020, au Maif social club, \u00e0 Paris. Le retour sur l&rsquo;\u00e9v\u00e8nement est ici. Cr\u00e9\u00e9 et mis en sc\u00e8ne par Didier Ruiz, ce spectacle invite \u00e0 [&hellip;]<\/p>\n","protected":false},"author":1,"featured_media":0,"parent":0,"menu_order":0,"comment_status":"closed","ping_status":"closed","template":"","meta":{"footnotes":""},"class_list":["post-435","page","type-page","status-publish","hentry"],"_links":{"self":[{"href":"https:\/\/aestunevache.com\/index.php?rest_route=\/wp\/v2\/pages\/435","targetHints":{"allow":["GET"]}}],"collection":[{"href":"https:\/\/aestunevache.com\/index.php?rest_route=\/wp\/v2\/pages"}],"about":[{"href":"https:\/\/aestunevache.com\/index.php?rest_route=\/wp\/v2\/types\/page"}],"author":[{"embeddable":true,"href":"https:\/\/aestunevache.com\/index.php?rest_route=\/wp\/v2\/users\/1"}],"replies":[{"embeddable":true,"href":"https:\/\/aestunevache.com\/index.php?rest_route=%2Fwp%2Fv2%2Fcomments&post=435"}],"version-history":[{"count":3,"href":"https:\/\/aestunevache.com\/index.php?rest_route=\/wp\/v2\/pages\/435\/revisions"}],"predecessor-version":[{"id":440,"href":"https:\/\/aestunevache.com\/index.php?rest_route=\/wp\/v2\/pages\/435\/revisions\/440"}],"wp:attachment":[{"href":"https:\/\/aestunevache.com\/index.php?rest_route=%2Fwp%2Fv2%2Fmedia&parent=435"}],"curies":[{"name":"wp","href":"https:\/\/api.w.org\/{rel}","templated":true}]}}