{"id":269,"date":"2020-05-05T21:46:39","date_gmt":"2020-05-05T19:46:39","guid":{"rendered":"http:\/\/aestunevache.com\/?page_id=269"},"modified":"2024-11-21T17:19:21","modified_gmt":"2024-11-21T16:19:21","slug":"a-est-une-vache","status":"publish","type":"page","link":"https:\/\/aestunevache.com\/","title":{"rendered":"A est une vache ?"},"content":{"rendered":"<span class=\"rt-reading-time\" style=\"display: block;\"><span class=\"rt-label rt-prefix\">Temps de lecture\u00a0: <\/span> <span class=\"rt-time\">2<\/span> <span class=\"rt-label rt-postfix\">minutes<\/span><\/span>\n<figure class=\"wp-block-image\"><img loading=\"lazy\" decoding=\"async\" width=\"1024\" height=\"512\" src=\"http:\/\/aestunevache.com\/wp-content\/uploads\/2020\/05\/evolution-1024x512.jpeg\" alt=\"\" class=\"wp-image-267\" srcset=\"https:\/\/aestunevache.com\/wp-content\/uploads\/2020\/05\/evolution-1024x512.jpeg 1024w, https:\/\/aestunevache.com\/wp-content\/uploads\/2020\/05\/evolution-300x150.jpeg 300w, https:\/\/aestunevache.com\/wp-content\/uploads\/2020\/05\/evolution-768x384.jpeg 768w\" sizes=\"auto, (max-width: 1024px) 100vw, 1024px\" \/><figcaption class=\"wp-element-caption\">\u00a9Patrice Lumeau<br><\/figcaption><\/figure>\n\n\n\n<p class=\"has-medium-font-size\"> A est une vache&#8230;<br>Plus pr\u00e9cis\u00e9ment une t\u00eate de vache, ou de taureau, ou de b\u0153uf. Renversez votre A, et vous la verrez : la t\u00eate triangulaire de l&rsquo;animal et ses deux cornes.<br>Ce n&rsquo;est pas un hasard si A ressemble \u00e0 une t\u00eate de vache. Car notre premi\u00e8re lettre de l&rsquo;alphabet vient de l\u00e0 : d&rsquo;une t\u00eate de vache, repr\u00e9sent\u00e9e sur un jeton m\u00e9sopotamien. Vache, \u00e0 l&rsquo;\u00e9poque, se disait \u00ab\u00a0Aleph\u00a0\u00bb.<br>Ce seraient les grecs qui auraient d\u00e9cid\u00e9 de prendre ce pictogramme \u00ab\u00a0Aleph\u00a0\u00bb pour en&nbsp;faire une voyelle, alpha, dont le son est [a].<br>L&rsquo;alphabet, la base de notre \u00e9criture et, en grande partie, de notre culture \u00ab\u00a0occidentale\u00a0\u00bb, commence donc par la vache. Suivie de \u00ab\u00a0Beth\u00a0\u00bb, qui signifie la maison. La vache pr\u00e9c\u00e8de la maison, joli symbole ! <br>Si des groupes d&rsquo;humains ne s&rsquo;\u00e9taient pas s\u00e9dentaris\u00e9s du c\u00f4t\u00e9 de la M\u00e9sopotamie il y a 10 000 ans, s&rsquo;ils n&rsquo;avaient pas invent\u00e9 l&rsquo;agriculture et l&rsquo;\u00e9levage, ils n&rsquo;auraient pas eu de maisons fixes, pas fait d&rsquo;\u00e9changes commerciaux, et peut-\u00eatre pas invent\u00e9 l&rsquo;\u00e9criture. Et au lieu d&rsquo;\u00e9crire ici,  je serais chasseuse-cueilleuse, occup\u00e9e \u00e0 trouver ma pitance de la journ\u00e9e&#8230;  <br>Je d\u00e9fends l&rsquo;id\u00e9e que l&rsquo;\u00e9levage, et donc la consommation de ses produits, n&rsquo;est pas qu&rsquo;une affaire de besoins nutritionnels, de prot\u00e9ines et de fer&#8230; C&rsquo;est aussi de l&rsquo;Histoire, de la Culture, qu&rsquo;aucune cr\u00e9ation de laboratoire ne pourra remplacer. Je n&rsquo;imagine pas un instant un monde sans animaux d&rsquo;\u00e9levage, des bocages sans vaches, des marais sans b\u0153ufs, des montagnes sans moutons, des landes sans ch\u00e8vres&#8230; M\u00eame si cela impose parfois, le plus humainement possible, de leur \u00f4ter la vie&#8230; <\/p>\n\n\n\n<p><\/p>\n\n\n\n<p><br><br><\/p>\n\n\n\n<h2 class=\"wp-block-heading\">Mon parcours<\/h2>\n\n\n<div class=\"wp-block-image\">\n<figure class=\"aligncenter\"><img loading=\"lazy\" decoding=\"async\" width=\"180\" height=\"300\" src=\"http:\/\/aestunevache.com\/wp-content\/uploads\/2020\/05\/portaitvache-180x300.jpg\" alt=\"\" class=\"wp-image-28\" srcset=\"https:\/\/aestunevache.com\/wp-content\/uploads\/2020\/05\/portaitvache-180x300.jpg 180w, https:\/\/aestunevache.com\/wp-content\/uploads\/2020\/05\/portaitvache.jpg 575w\" sizes=\"auto, (max-width: 180px) 100vw, 180px\" \/><\/figure><\/div>\n\n\n<p class=\"has-medium-font-size\">De formation scientifique, docteur en biochimie, je suis journaliste depuis bient\u00f4t 30 ans. D\u2019abord en sciences, puis en agriculture. Apr\u00e8s avoir \u00e9t\u00e9 r\u00e9dactrice salari\u00e9e d\u2019un journal agricole d\u00e9partemental (Agriculture 44, puis Loire-Atlantique agricole), je suis journaliste ind\u00e9pendante depuis mars 2020. Je travaille pour R\u00e9ussir, Pleinchamp.com et Web-agri&#8230; et je fais quelques prestations de com&rsquo;, pour des entreprises que j&rsquo;appr\u00e9cie, comme<a href=\"https:\/\/pro.ap-pi.com\/nos-solutions-biocontrole\/biocontrole-tenebrion\/temoignage-eleveur,62.html\"> Bestico.<\/a> <em>A est une vache<\/em> est l\u2019entreprise que j\u2019ai cr\u00e9\u00e9e pour proposer divers services de r\u00e9daction : des<a href=\"http:\/\/aestunevache.com\/?cat=21\"> articles de blog<\/a>, des contenus pour les r\u00e9seaux sociaux et des newsletters. C\u2019est aussi sous cette \u201censeigne\u201d que je poste ici des <a href=\"http:\/\/aestunevache.com\/?cat=20\">articles de press<\/a>e et que j\u2019\u00e9cris quelques <a href=\"http:\/\/aestunevache.com\/?cat=5\">\u00ab\u00a0histoires de vaches\u00a0\u00bb.<\/a> Je m\u2019int\u00e9resse en particulier aux bovins et \u00e0 la place de ces animaux dans notre Histoire humaine.<\/p>\n\n\n\n<p>Pour me contacter : <br>catherine@aestunevache.com <\/p>\n\n\n\n<p><\/p>\n","protected":false},"excerpt":{"rendered":"<p><span class=\"rt-reading-time\" style=\"display: block;\"><span class=\"rt-label rt-prefix\">Temps de lecture\u00a0: <\/span> <span class=\"rt-time\">2<\/span> <span class=\"rt-label rt-postfix\">minutes<\/span><\/span> A est une vache est un site regroupant des informations agricoles et des textes sur les liens entre agriculture et culture (et plus sp\u00e9cialement sur les bovins)<\/p>\n","protected":false},"author":1,"featured_media":0,"parent":0,"menu_order":0,"comment_status":"closed","ping_status":"closed","template":"","meta":{"footnotes":""},"class_list":["post-269","page","type-page","status-publish","hentry"],"_links":{"self":[{"href":"https:\/\/aestunevache.com\/index.php?rest_route=\/wp\/v2\/pages\/269","targetHints":{"allow":["GET"]}}],"collection":[{"href":"https:\/\/aestunevache.com\/index.php?rest_route=\/wp\/v2\/pages"}],"about":[{"href":"https:\/\/aestunevache.com\/index.php?rest_route=\/wp\/v2\/types\/page"}],"author":[{"embeddable":true,"href":"https:\/\/aestunevache.com\/index.php?rest_route=\/wp\/v2\/users\/1"}],"replies":[{"embeddable":true,"href":"https:\/\/aestunevache.com\/index.php?rest_route=%2Fwp%2Fv2%2Fcomments&post=269"}],"version-history":[{"count":19,"href":"https:\/\/aestunevache.com\/index.php?rest_route=\/wp\/v2\/pages\/269\/revisions"}],"predecessor-version":[{"id":519,"href":"https:\/\/aestunevache.com\/index.php?rest_route=\/wp\/v2\/pages\/269\/revisions\/519"}],"wp:attachment":[{"href":"https:\/\/aestunevache.com\/index.php?rest_route=%2Fwp%2Fv2%2Fmedia&parent=269"}],"curies":[{"name":"wp","href":"https:\/\/api.w.org\/{rel}","templated":true}]}}